 -4533*p + 3 + 8661*p - 4132*p. Determine g(j).
-17
Suppose 27 + 13 = 5*n. Let r(h) be the second derivative of -h**4/12 + h**3 - h**2/2 + 4123*h. What is r(n)?
-17
Let k(w) = 88*w + 91. Let t(g) = -146*g - 182. Let q(x) = 5*k(x) + 3*t(x). Give q(35).
-21
Let r(y) = y**2 - 25*y - 5. Suppose 5*w - 119 = h, 56 = 2*w + 551*h - 550*h. Calculate r(w).
-5
Suppose 9 = 5*p - 6. Suppose 55*l - 81 = 28*l. Let g(t) = -p*t - l + 8*t + 2. Calculate g(-2).
-11
Let i be ((-1)/(10/(-4)))/(29*(-40)/(-20300)). Let d(r) be the first derivative of 1/2*r**4 + r**2 + r**3 + r + i. What is d(-2)?
-7
Suppose 1307*x - 1 + 5 = 1306*x. Let d(m) be the third derivative of -m**6/120 - m**5/15 + m**4/12 + 2*m**3/3 - m**2. Calculate d(x).
-4
Let o(z) be the third derivative of 0 + 1/24*z**4 - 126*z**2 - 2*z**3 + 0*z. Determine o(7).
-5
Suppose 0 = 3*x - p - 62, -5*x - 3*p + 35 = -87. Let s(l) = 2 - 31*l - x*l + 55*l. What is s(-7)?
-12
Let o(d) = -5*d + 7. Suppose 456 = 51*t + 609. What is o(t)?
22
Let s(c) = 2*c - 10. Let l be (-53)/6 - (-125)/150. Let d be l/(-6)*450/60. Give s(d).
10
Let c(a) = a**3 - 7*a**2 - 6*a - 8. Let z = -2405 - -2413. Give c(z).
8
Let r(j) = -j**2 - 3*j + 12. Let o be r(-5). Let k be (-36)/(-15) - 4/10. Let f(l) = o + 4*l + 2*l - k - 7. Determine f(6).
29
Suppose 9*m = -2*v + 5*m - 12, -5*m - 9 = 4*v. Let y(q) = -q**3 + 5*q**2 - 10*q. Determine y(v).
-24
Let y(w) = -w**3 + 9*w**2 + 6. Let p = -19 - -444. Let v = p + -416. Calculate y(v).
6
Let d = -23026 - -23018. Let j(c) = -3*c + 11. Let n(b) = 6*b - 29. Let q(y) = 4*y - 19. Let o(u) = 5*n(u) - 7*q(u). Let g(v) = 3*j(v) + 4*o(v). What is g(d)?
-7
Let w(n) = -n - 2. Let i = 181 + -151. Let y be (i/(-6) + 9)*-1*2. Calculate w(y).
6
Let q = 103 - 66. Let m(v) = 1 + q*v - 3*v**2 + 2*v**2 - 32*v. Let x be (28/6 + -3)*3. Calculate m(x).
1
Let c(p) be the second derivative of p**4/12 - 5*p**3/3 - 3*p**2/2 - p. Suppose -5*k - 4*t = -35, 2*t = -k - 15 + 22. Calculate c(k).
-24
Let p(h) = -24*h + 22. Let u(m) be the second derivative of -4*m**3/3 + 4*m**2 - 63*m. Let a(t) = 5*p(t) - 14*u(t). Determine a(-4).
30
Let s(r) = r**3 + 12*r**2 - 26*r + 25. Let f be s(-14). Let l be f - (-12)/(3 + -5) - -1. Let z(o) = -o**3 - 10*o**2 - 12*o - 5. What is z(l)?
-37
Let j(b) = -3*b**3 - 31*b**2 + 3*b - 2. Let l(d) = -d**3 - 13*d**2 + d - 1. Let m(v) = -3*j(v) + 7*l(v). Let o be (-2 - -1)*(-2 + 5). Determine m(o).
-31
Let u(l) = -5*l**2 - l + 1. Let j(k) = k - 9. Let s be j(8). Suppose 0 = 3*m + 2*t + 16, 3*m - 3*t - 2*t + 23 = 0. Let f be (-5 + m/(-2))*s. What is u(f)?
-21
Let o be (63 - 61) + -1 + 12*12. Let p(g) = 6*g + 3 - 283*g**2 + 139*g**2 + o*g**2. Determine p(-7).
10
Suppose b + 4 + 5 = 0. Let r(d) be the second derivative of d**3/6 + 4*d**2 + 3822*d. What is r(b)?
-1
Let q(a) = -24*a + 11*a + a + 7*a + 4*a - 1 - a**2 + 35*a**3. Determine q(-1).
-36
Let c(o) = -o**2 + 9*o + 10. Suppose 3*m - 4*x = 16, 0 = -5*m - 11*x + 12*x + 38. What is c(m)?
18
Suppose -5*j - 3*h - 15 = 0, 2*j + 3*h + 32 = 7*h. Let p(a) = a**3 - 8 + 2*a - 2*a**3 - 8*a**2 + 3*a**2. Determine p(j).
16
Suppose t - 7 = -3*y + 17, 4*y - 3*t - 45 = 0. Let n be (y/2 - 2)*-4. Let c be 24/n*4/((-48)/30). Let v(p) = 2*p**2 - 9*p + 2. What is v(c)?
20
Let u(y) = -2*y**3 - y**2 - y. Let d be -2 + 111/37*(0 + 3/9). What is u(d)?
2
Let x(j) = -11*j**2 - 2*j - 28. Let n(o) = 5*o**2 + 13. Let l(c) = -9*n(c) - 4*x(c). Let q be (-4)/(-26) - (-4332)/741. Give l(q).
7
Suppose 0*x + 216 = -4*x. Suppose 49 = k + 106. Let i = k - x. Let u(f) = f**3 + 3*f**2 + 2*f. Determine u(i).
-6
Let y(v) = v**3 + v - 7 - 15 + 83 - v**2 - 17 - 21 - 14. Let u = -6 - -6. What is y(u)?
9
Let p(y) be the second derivative of -y**7/840 - y**6/180 + y**5/30 + y**3/6 + 5*y**2 - y - 6. Let k(d) be the second derivative of p(d). Calculate k(-3).
-3
Suppose r + 10*x = 13, 3*x + 33 = 5*r + 21. Let z(g) be the first derivative of -3*g + 3/2*g**2 - 21 + 1/3*g**r. Calculate z(-5).
7
Let i(l) = l**3 - 2*l**2 - 10*l + 5. Let k be i(4). Let f(a) be the second derivative of -a**4/12 - a**3/6 + 3*a**2/2 + 142*a. What is f(k)?
-3
Let i(v) = -v**2 + 6*v + 34. Let a be (((-88)/(-33))/2)/(20/165). Give i(a).
-21
Let g(i) = i**2 - 2*i + 1. Let l be g(-3). Let b = l - 10. Let j(o) = -16*o - 3 - 15*o**2 + 16*o - 7*o + 16*o**2. Calculate j(b).
-9
Let c(h) = -10*h**3 - h**2 - 3*h + 4. Let v be 6/(-15) + 385/275. Calculate c(v).
-10
Let y = -20 + 22. Let z(j) = 4*j + 31. Let b(q) = -q - 9. Let a(s) = 14*b(s) + 4*z(s). Determine a(y).
2
Let l(f) = -f**3 - 2*f**2 - 2*f - 11. Let b be (26/(-52) - 9/2)/1. What is l(b)?
74
Let m(r) = 3*r - 10. Let q be (-8)/((-60)/28 - -1). Let j = -3 + 5. Let i be q/(j/2) + 0. Determine m(i).
11
Let v(u) be the second derivative of u**5/60 + 3*u**4/4 + 46*u**3/3 + u - 1. Let z(o) be the second derivative of v(o). Determine z(-9).
0
Let w(a) = 2*a**2 + 17*a + 34. Suppose -84*g + 4 = -86*g + 4*j, -2 = 2*j. What is w(g)?
-2
Let c(k) = -k**2 + 2*k + 7. Let t be c(5). Let b(o) = 1064*o**3 - 1981*o**3 - 8*o**2 + 916*o**3 - 1. Determine b(t).
-1
Let h(i) = -i**3 + 11*i**2 - 9*i + 2. Let b be h(7). Let t(y) = 8 + b*y - 136*y - 3. Give t(-8).
13
Let t(g) = -5*g**2 - g + 2. Let c(b) = 11*b**2 - 4*b + 11. Let q(z) = -c(z) - 2*t(z). What is q(7)?
-22
Let a(l) = 9*l + 11. Let w(b) = 305*b - 45. Let d(x) = -35*x + 5. Let y(o) = 35*d(o) + 4*w(o). Let f = 1 + 4. Let i(c) = f*y(c) + 3*a(c). What is i(-7)?
-6
Let q = 75 - 484. Let y = q + 405. Let o(m) = 2*m**2 + 0 - m**2 - 5 + 3*m. Give o(y).
-1
Let o(m) = 5*m**3 - 94*m**2 - 405*m - 755. Let j(f) = -f**3 + 19*f**2 + 73*f + 151. Let w(p) = -11*j(p) - 2*o(p). Give w(21).
-4
Let r(x) = -22*x - 9*x + 28*x + 111 - 42. Determine r(0).
69
Let p be 4/1 - (-18 - -13). Let y be (-2)/p + (-342)/(-81). Let b(j) = y*j**2 - 5*j**2 - 1 + 5*j - 2. Give b(4).
1
Let c(k) = -7*k**3 + 2*k + 1. Suppose 2 = -6*r + 4*r - 5*a, 0 = 3*r - a - 31. Let u = r - 12. Let p be u*(-2)/(-18)*3. Give c(p).
6
Let w = -14227 + 14227. Let i(z) = -z**2 + z - 40. Determine i(w).
-40
Let d(a) = 25*a**3 + 102*a**2 + 20*a + 57. Let b be d(-4). Let r(p) = 3*p**2 - 16*p - 105. Give r(b).
-6
Let i be 30/(-75)*(-30)/(-12). Let k(g) = -11*g - 8. Give k(i).
3
Let a be (-36)/10*(-11 + 6). Let o(c) = c**3 - 20*c**2 + 37*c - 22. What is o(a)?
-4
Let v(q) = 6*q**2 - 2*q - 23. Let p(l) = -2*l**2 - 2*l + 1. Let f(i) = -2*p(i) - v(i). Calculate f(5).
1
Let t(f) = f**3 + 3*f**2 - 4*f - 4. Let c be 4/(-7) + 2025/(-21) + -2. Let d = 96 + c. Calculate t(d).
8
Let k(l) = -l**3 + 5*l**2 + 5*l + 6. Let c be k(6). Let a(z) = c - 2 - 3*z + z**2 + 3. Let x(d) = -d**2 + 78*d - 1193. Let h be x(57). What is a(h)?
5
Let d(t) = -8*t - 80. Suppose 52*j - 51*j + l + 1 = 0, -2*j + 5*l - 44 = 0. Give d(j).
-24
Let g(t) = 75*t**2 + 0 + 7 - 9*t + 0 - 160*t**2 + 83*t**2. Calculate g(0).
7
Let l(j) = -127112*j - 11 + 31 + 127104*j. What is l(9)?
-52
Let b(n) = -3*n + 49. Suppose 4*z - 2 - 3 = q, -3*z = -q - 5. Determine b(z).
49
Let k(p) = -p**3 - 4*p**2 - 4*p - 6. Let o = 12 + -2. Suppose 2*y + 0*b = b + 7, 4*y - o = -2*b. Suppose 2*f + y = -z, 3*f - 4*f - 24 = -4*z. Determine k(f).
10
Let j(n) = 13*n**2 - 16*n - 21. Let t(d) = -28*d**2 + 33*d + 43. Let q(p) = 13*j(p) + 6*t(p). Let w(b) be the first derivative of q(b). Calculate w(0).
-10
Let k(t) = 3*t + 39. Let j(p) = 14*p + 179. Let h(r) = 2*j(r) - 9*k(r). Determine h(-10).
-3
Let s(u) = u - 39. Let j(y) = -y + 47. Let q(i) = -5*j(i) - 6*s(i). Suppose 0 = 2*g + 8, 5*c + g = -3*g + 4. Give q(c).
-5
Let j(x) = 27*x + 1. Let r(p) = 46*p - 382. Let a(t) = -3*j(t) - r(t). What is a(3)?
-2
Let t(r) = r - 5. Let h(o) be the first derivative of 3*o**2/2 - 13*o - 4. Let a(w) = -2*h(w) + 7*t(w). What is a(9)?
0
Let p(v) = 2*v - 4. Let a(s) = -3*s + 10. Let u(c) = -a(c) - 2*p(c). What is u(0)?
-2
Let z(k) = 3*k + 27. Suppose 61 = -4*g - 108*o + 109*o, 5*g + o = -83. Give z(g).
-21
Let a be (3 - 4) + (-84)/(-63). Let u(h) be the second derivative of a*h**3 + 0 - 2*h - h**2. Determine u(3).
4
Let q(s) = -2 - s**2 + 5 + 4*s**3 - 3*s + s**3. Suppose 43*o = 42*o + 6 - 4. Determine q(o).
33
Let o(w) be the second derivative of -w**6/60 + w**5/40 - w**4/12 - w**3/2 - 7*w**2 - 2*w + 10. Let m(i) be the second derivative of o(i). Calculate m(2).
-20
Let q(h) = 2 - 2*h + 2 + 3*h.